ber?
True
Is 77334126809 a composite number?
False
Is 78158779399 prime?
True
Is 313761281 prime?
True
Is 9784498111 prime?
True
Is 817402349 a prime number?
True
Is 1120984311 composite?
True
Is 98027329 a composite number?
False
Is 3057466873 prime?
False
Is 3399213911 a composite number?
False
Is 2919860791 a prime number?
False
Is 6638396533 composite?
False
Is 10377964117 composite?
False
Is 9546335297 a prime number?
True
Is 13564691857 composite?
True
Is 947556091 composite?
False
Is 6505293181 composite?
False
Is 28458873577 composite?
False
Is 33081601 prime?
False
Is 3916935251 a prime number?
False
Is 2008297419 prime?
False
Is 2370268181 a prime number?
False
Is 198682000549 composite?
True
Is 123889943477 prime?
True
Is 1969985473 composite?
True
Is 3256490977 prime?
True
Is 282340733 a composite number?
True
Is 163288987 a prime number?
True
Is 240165377 a composite number?
True
Is 466224257 composite?
True
Is 47827232161 composite?
False
Is 2274728471 composite?
False
Is 2082888173 a composite number?
True
Is 28926559 a prime number?
True
Is 30390413083 prime?
True
Is 147058663 prime?
False
Is 31922993483 composite?
False
Is 595055597 a prime number?
True
Is 19707522899 prime?
False
Is 13847080495 prime?
False
Is 40449743837 prime?
False
Is 3726601691 prime?
False
Is 32426398561 a prime number?
True
Is 15892811963 a composite number?
True
Is 5040657451 a prime number?
False
Is 43324365943 prime?
True
Is 540239269 a prime number?
False
Is 11437303431 a prime number?
False
Is 51553145741 a prime number?
True
Is 6432825103 a composite number?
False
Is 20998797979 a prime number?
False
Is 90478537 prime?
False
Is 36866180231 prime?
True
Is 3815595853 composite?
False
Is 11629668343 a prime number?
True
Is 111363947 composite?
False
Is 3901692461 prime?
False
Is 46046259223 a prime number?
True
Is 39160921243 composite?
True
Is 5718877445 composite?
True
Is 1649301657 a composite number?
True
Is 26814456727 composite?
True
Is 510050861 prime?
False
Is 9351555657 a prime number?
False
Is 2195582303 prime?
True
Is 120804973 composite?
False
Is 1707213523 prime?
False
Is 1629500627 composite?
False
Is 7348510451 a prime number?
True
Is 1064845 a prime number?
False
Is 687759631 a prime number?
False
Is 1996449869 a prime number?
False
Is 713025517 prime?
True
Is 24340259299 a prime number?
False
Is 129992519 a prime number?
False
Is 14509973873 composite?
False
Is 95942030539 a composite number?
False
Is 2613584107 composite?
False
Is 986583511 a composite number?
False
Is 4021334047 prime?
True
Is 5644204031 a prime number?
False
Is 2697010639 composite?
False
Is 1969365733 a composite number?
True
Is 37836298211 composite?
False
Is 851990779 composite?
True
Is 1616454247 a composite number?
False
Is 24540730405 a prime number?
False
Is 9415758323 a composite number?
False
Is 2878166051 a prime number?
True
Is 9460100887 a prime number?
False
Is 15818431259 a composite number?
False
Is 11687225687 composite?
False
Is 5499688331 a composite number?
True
Is 924041527 a composite number?
True
Is 92046130339 a prime number?
True
Is 1148251933 a composite number?
False
Is 2328487613 composite?
False
Is 35528071786 a composite number?
True
Is 13729405679 prime?
False
Is 177927119 prime?
False
Is 191095571 composite?
False
Is 3176190179 a prime number?
True
Is 108020703169 prime?
True
Is 9796244041 a composite number?
False
Is 558093013 a composite number?
False
Is 235352477 a composite number?
False
Is 718296459 prime?
False
Is 2045540381 a prime number?
True
Is 1426718321 a prime number?
False
Is 2294000057 composite?
True
Is 19258147 a prime number?
True
Is 1521240593 a composite number?
False
Is 18532762 composite?
True
Is 845260379 a prime number?
True
Is 891470791 a prime number?
True
Is 50220803665 prime?
False
Is 511218259 a composite number?
False
Is 17804460997 composite?
True
Is 42666996773 composite?
False
Is 30239736797 a prime number?
False
Is 1139665451 a prime number?
False
Is 912233767 a prime number?
True
Is 3401973481 a prime number?
True
Is 61001090399 a prime number?
False
Is 435599873 a composite number?
False
Is 1574172883 a prime number?
False
Is 86822172677 a prime number?
True
Is 198249999 prime?
False
Is 2797996547 prime?
True
Is 37809598789 composite?
False
Is 590169287 a composite number?
False
Is 7534620283 a prime number?
True
Is 1772953331 composite?
False
Is 786386957 composite?
False
Is 424793381 composite?
False
Is 9901294343 a prime number?
False
Is 1972936697 a composite number?
False
Is 6993657893 composite?
True
Is 1021975387 prime?
True
Is 5268341909 composite?
False
Is 1854640319 prime?
False
Is 4171702289 a prime number?
False
Is 13171849351 composite?
True
Is 1357964629 a composite number?
True
Is 38864121011 prime?
True
Is 3797219541 prime?
False
Is 48433079 composite?
False
Is 77833279 composite?
True
Is 5330328097 a prime number?
True
Is 46815453403 composite?
True
Is 5541107743 a composite number?
True
Is 53068859 a prime number?
True
Is 7673957129 prime?
True
Is 124446836347 composite?
True
Is 1369010947 a prime number?
True
Is 8300006311 composite?
True
Is 120201675421 a prime number?
False
Is 19460052277 a composite number?
False
Is 14053463651 a composite number?
False
Is 1437488077 composite?
False
Is 325067843 prime?
False
Is 20984618663 a prime number?
False
Is 195803923 prime?
False
Is 2254476349 composite?
True
Is 9355456321 prime?
True
Is 831503329 a composite number?
True
Is 16598186593 prime?
False
Is 2337122107 a composite number?
True
Is 574582753 a prime number?
False
Is 1716318349 prime?
False
Is 369499829 a composite number?
False
Is 559850591 a composite number?
True
Is 9896177901 a prime number?
False
Is 623997211 a composite number?
True
Is 47537499329 composite?
True
Is 23047278421 a composite number?
False
Is 13059106777 a prime number?
True
Is 233452013 prime?
True
Is 62095726307 a composite number?
False
Is 2174896931 composite?
False
Is 9514796821 composite?
True
Is 23937152177 composite?
False
Is 11385085073 a composite number?
False
Is 3191341259 composite?
False
Is 3566189 prime?
False
Is 18082824839 prime?
True
Is 938759179 a prime number?
True
Is 7411833029 composite?
True
Is 15298234843 composite?
False
Is 2633029141 a prime number?
True
Is 4279816069 composite?
True
Is 3713340781 composite?
False
Is 321221617 composite?
False
Is 1781145307 a composite number?
False
Is 3290560831 a composite number?
False
Is 563839123 prime?
True
Is 1717815157 a prime number?
True
Is 16408600955 prime?
False
Is 2522211623 a prime number?
True
Is 126940369 a prime number?
False
Is 38581791019 a prime number?
False
Is 1812850843 a prime number?
True
Is 16285644093 prime?
False
Is 44544638461 a composite number?
False
Is 4924463897 a composite number?
False
Is 937292311 prime?
True
Is 24424219367 composite?
True
Is 3585555689 prime?
True
Is 4667864261 prime?
False
Is 3157695637 a composite number?
True
Is 7739515349 composite?
False
Is 52916566823 a composite number?
False
Is 290036239 a composite number?
True
Is 62994829151 a composite number?
False
Is 12206844653 prime?
False
Is 123169811 a prime number?
False
Is 50438389541 a composite number?
False
Is 221187514827 a prime number?
False
Is 65227454701 composite?
False
Is 7195790417 a prime number?
False
Is 3417191417 prime?
True
Is 34339794049 composite?
True
Is 2285474417 prime?
True
Is 16910155081 a composite number?
False
Is 148670681 prime?
True
Is 1939706939 composite?
True
Is 67341218999 a prime number?
True
Is 1991243731 a composite number?
False
Is 379082861 composite?
True
Is 168575471 a composite number?
True
Is 861294241 a prime number?
True
Is 51891237901 a prime number?
False
Is 886364233 a prime number?
True
Is 13751974477 composite?
True
Is 186446003 composite?
False
Is 882185791 a composite number?
False
Is 1542303397 prime?
False
Is 74376716567 a composite number?
False
Is 11454666787 a composite number?
False
Is 44289945407 a prime number?
True
Is 464395339 a prime number?
False
Is 4091865109 a prime number?
False
Is 30988657577 prime?
False
Is 1894914907 prime?
True
Is 171479459518 prime?
False
Is 287982707 a composite number?
False
Is 7390748663 a prime number?
True
Is 653515693 a prime number?
True
Is 67803